e -163*h + 15001 = 3591. What is the remainder when (-1232)/(-6) - (-4)/6 is divided by h?
66
Suppose 0 = -f + 20*f - 2812. Suppose 0 = -y + 3*l + 99, 2*y = -l + f + 43. What is the remainder when 669 is divided by y?
93
Let u = 30152 + -30090. What is the remainder when 536 is divided by u?
40
Let w be (33 - (5/(-2) + 2))*-2. Let g = w + 137. Let a = g + -44. Calculate the remainder when 154 is divided by a.
24
Let y(d) = -8*d - 131. Let a(z) = -z + 2. Let h(t) = -3*a(t) + y(t). Let w = -38 + 61. Calculate the remainder when h(-41) is divided by w.
22
Let x(j) be the third derivative of j**5/6 - j**4/4 + j**3/3 - j**2 - 23*j. What is the remainder when x(-8) is divided by 99?
96
Let b(g) = 13*g + 78. Let z be b(-6). Suppose -4*q + 12 = 0, 10*d - 6*d + q - 3371 = z. What is the remainder when d is divided by 65?
62
Calculate the remainder when 5182 is divided by (-21 + 19 + 5)/(6/122).
58
Let l(w) = w**2 - 9*w - 69. Let a(q) = 4*q + 78. Let j be (0/(-1))/(2*-1). Calculate the remainder when a(j) is divided by l(-6).
15
Let j(d) = d**2 - 5*d - 9. Let v be j(7). Suppose 27 = v*h + 17. Suppose -g + 1 = 2*f - 3, 0 = h*g + f - 14. Calculate the remainder when 39 is divided by g.
7
Let r = -47 - -112. Suppose -23 = i - r. Suppose -5*l - 43 = -a, -a + 65*l + 39 = 61*l. What is the remainder when i is divided by a?
19
Let w = -148 + 150. Let t be -9 + 10 - 1/(w/(-2)). Suppose 132 = t*q - 12. What is the remainder when q is divided by 15?
12
Suppose 43*c + 1008 = 51*c. Let m = c + 135. What is the remainder when m is divided by 44?
41
Suppose -75*f - 506 = -2411 - 4695. Calculate the remainder when 281 is divided by f.
17
Let l = -57 + 96. Let f be ((-12)/14)/(2/14). Calculate the remainder when 5/15 + (-448)/f is divided by l.
36
Let t(s) = -s - 4. Let d = 17 + -25. Let g be t(d). Suppose -g*h + 24 = 4*b, 4*h - 8 = 3*b + 44. Calculate the remainder when 29 is divided by h.
9
Let j = 12357 - 7336. Calculate the remainder when j is divided by 157.
154
Let i = 2016 - 1960. What is the remainder when 165 is divided by i?
53
Suppose 17*q - 2*q = 0. Suppose 4*n = 2*j + 264, 2*n + 4*j - 122 = -q*n. What is the remainder when 187 is divided by n?
57
Let n(y) = 2*y**2 - 4*y - 6. Let p be 18/(-90) - 521/(-5). Suppose 47*w = 45*w + p. What is the remainder when n(-8) is divided by w?
50
Suppose 2*t + 44 + 268 = 0. Let y = -87 - t. Let k = 137 - y. What is the remainder when k is divided by 18?
14
What is the remainder when 249 - 0 - 11/(33/(-9)) is divided by (-4)/(-22) - ((-44919)/(-77))/(-9)?
57
Let s(v) = -8*v**2 - 4*v + 6. Let n = 15 + -13. Let j be s(n). Let u = -20 - j. What is the remainder when u is divided by 8?
6
Suppose 4*p + 4*y - 268 = 0, -3*y - 268 = 4*p - 8*p. Let h(c) = -c**2 - 14*c - 17. Let z = -299 - -289. Calculate the remainder when p is divided by h(z).
21
Let t(r) = r**3 + 22*r**2 - 22*r + 71. Suppose -14*i + 11*i + 3*d + 21 = 0, 5*i = d + 47. Calculate the remainder when t(-23) is divided by i.
8
Suppose 12*g = -1698 - 78. Let t = 152 + g. Let s = 37 + -26. Calculate the remainder when s is divided by t.
3
Let c be -2*4/12*(-291)/(-2). Let o = 105 + c. Suppose -5*p + 90 = -5*d, 4*p - 5*d - 69 = -0*p. Calculate the remainder when p is divided by o.
5
Suppose r - 132*y - 22 = -131*y, 2*y = r - 23. What is the remainder when 454 is divided by r?
13
Let h = -4305 - -4319. What is the remainder when 723 is divided by h?
9
Let u be 7 - ((-5)/(-3 - 2))/1. Suppose 1334 = -u*j + 29*j. Calculate the remainder when j is divided by 20.
18
Suppose 0 = -212*q + 10052 + 159336. Calculate the remainder when q is divided by 143.
84
Let f be -1 + (-4)/(16/(-12)). Suppose n + 6 + 1 = 4*g, 2 = -4*g - f*n. Calculate the remainder when 38 is divided by (-71)/(-7) + g/(-7).
8
Suppose -88*u + 85*u - 144 = -3*w, 5*w = -4*u + 276. Suppose j - 6*j = -135. Calculate the remainder when w is divided by j.
25
Let a(c) = c**3 - 3*c - 2. Let j be a(-5). Let u = 116 + j. Let x = -38 + 65. Calculate the remainder when x is divided by u.
3
Let y be (1 - 51)/(16/(-40)). Let z = y + -55. What is the remainder when z is divided by 19?
13
Suppose 13*s = 18*s + 3*n - 1068, 208 = s + 2*n. Let x = 238 - s. What is the remainder when 78 is divided by x?
12
Let r = 48 - 58. Let c be r/20*(-14)/1. Suppose f - 1 = c. What is the remainder when 29 is divided by f?
5
Let i = -36 - -57. Suppose -4*r - i = -33. Suppose d = -w + 7, 13*d = 9*d - 20. What is the remainder when w is divided by r?
0
Let m(t) = -26*t**3 - 2*t**2 - 3*t - 6. Let l be m(-2). Suppose -19*f = -23*f + l. What is the remainder when 248 is divided by f?
48
Suppose 0 = -28*b + 1723 - 1219. Calculate the remainder when 1326 is divided by b.
12
Let q(i) = i**2 - 5*i + 2. Let l be q(3). Let y(r) = -8*r - 6. Let n = -38 + 89. What is the remainder when n is divided by y(l)?
25
Let n(i) = 3*i + 32. Let j(h) = h + 16. Let x(l) = 5*j(l) - 2*n(l). Suppose 0 = 7*r + 3*r. What is the remainder when x(r) is divided by 6?
4
Let x(b) = -7*b + 23. Let l be x(13). Let v = 82 + l. Suppose -15*g + 10*g = -45. Calculate the remainder when v is divided by g.
5
Let i(h) = 5*h**2 - 129*h + 633. Calculate the remainder when 685 is divided by i(5).
7
Let o(m) = -m**3 + 4*m**2 - 2*m + 2. Suppose 0 = 5*i - 3*i + 3*t + 254, -t + 132 = -i. What is the remainder when (-97)/(-11) - i/715 is divided by o(3)?
4
Let o = -29 + 53. Let j = o - -108. Suppose h = 5, -4*n = -3*h - h - j. What is the remainder when n is divided by 14?
10
Let h(i) = i**3 + 30*i**2 - 81*i - 309. What is the remainder when h(-32) is divided by 122?
113
Suppose -5*q = 4*s - 270, q = -s + 75 - 20. Suppose -4*v - 102 = -3*x, -3*x + v + 112 = 1. Let g = q - x. Calculate the remainder when g is divided by 7.
5
Let m(j) = -78*j**2 - j + 1. Let d be m(-1). Let v(y) = y**2 + 23*y + 14. Let u be v(-20). Let b = u - d. What is the remainder when b is divided by 8?
6
Let b(n) = -4*n**3 - 6*n**2 + 47. Calculate the remainder when b(-5) is divided by 31.
25
Suppose -165 = w + 3*b - b, -2*w + 5*b = 312. Let c = w - -186. Calculate the remainder when 97 is divided by c.
22
Suppose -u + 23 = -2*k, 2*k = 5*u + k - 70. Suppose -63*t + 114 + 1776 = 0. What is the remainder when t is divided by u?
4
Suppose -23*w - 4*v - 58 = -26*w, 3*v = -4*w + 94. Calculate the remainder when 546 is divided by w.
18
Suppose -4*g - 4*j + 76 = 0, 26*g - 6*j + 45 = 29*g. What is the remainder when 453 is divided by g?
16
Suppose 5*u - 1215 = -400. Let z = 193 + -137. Calculate the remainder when u is divided by z.
51
What is the remainder when 646 is divided by (4/(-5) - (-12)/(-60)) + 73?
70
Suppose -6*a + 689 + 2263 = 0. Suppose v + 5*r = a, -40 = -5*v + 2*r + 2285. What is the remainder when v is divided by 47?
44
Suppose j - 70 = -5*l, 2*l + j = 5*j + 6. Suppose l*i - 213 = 268. Calculate the remainder when i is divided by 14.
9
Let t(n) = 38*n**3 + 2*n**2 - 2*n - 2. Let y = -30778 + 30789. What is the remainder when t(2) is divided by y?
9
Suppose -5*l = 4*j - 2522, 5*j = -16*l + 15*l + 3121. Calculate the remainder when j is divided by 32.
15
Let q(i) = i**3 + 8*i**2 + 5*i + 6. Let r = 13 + -87. Calculate the remainder when q(-6) is divided by 2/(-5) - r/10.
6
Let l be (54/(-30))/((-6)/40). Suppose -158 - 22 = -l*j. Let o = 24 - j. What is the remainder when 31 is divided by o?
4
Let b(z) = 39*z**3 + 5*z**2 - 5*z + 1. Calculate the remainder when 507 is divided by b(1).
27
Suppose 4*t - 598*o - 284 = -594*o, -4*t + 282 = -5*o. Calculate the remainder when 370 is divided by t.
5
Let d(o) = -23 - 30 - 25*o - 61. What is the remainder when 76 is divided by d(-5)?
10
Suppose 0*c + 5981 = 24*c - 8587. Calculate the remainder when c is divided by 8.
7
Let c(z) = -60*z - 118. What is the remainder when c(-7) is divided by 123?
56
Suppose 9*s - 7*s + 138 = 4*z, -2*s = 3*z - 100. Suppose f - 69 = -0*f - 4*g, -3*g = -f + z. What is the remainder when f is divided by 18?
13
Suppose -266*o + 57*o + 156332 = 0. What is the remainder when o is divided by 26?
20
Let i(l) be the third derivative of 0 + 4*l**2 + 5/8*l**4 + 0*l + 14/3*l**3. Calculate the remainder when i(7) is divided by 17.
14
What is the remainder when 136 is divided by (-1 - 24)/(10/135 - (-222)/(-810))?
11
Suppose -u + 368 = 4*f, -471 = -5*f + 180*u 